ose -18*x = -5*q - 15*x + 67, -4*q + 4*x = -60. Calculate the highest common factor of q and 15103.
11
Let q(l) = 7838*l - 2923. Let k be q(3). Calculate the greatest common factor of k and 59.
59
Let p be -2 + (-23)/(-2) + -3 + (-1)/2. Calculate the highest common factor of 1104 and p.
6
Suppose 0 = -2*t + 5*y + 178, 0 = 8*t - 13*t - 3*y + 321. What is the greatest common divisor of t and 10189?
23
Let t = 23 - 24. Let k be ((t - -1)*(-4 + 3))/3. Suppose -3*y + 20 = -k*z + z, 2*y = 5*z + 36. What is the highest common divisor of y and 1?
1
Let s(t) = -2643*t + 21193. Let f be s(8). Let y(i) = 7*i**2 - 11*i + 3. Let c be y(-8). What is the greatest common divisor of f and c?
49
Let m be (-215)/(((-221)/17)/247). Calculate the greatest common factor of 95 and m.
95
Suppose -201*o - 16218 = -254*o. What is the highest common factor of o and 6579?
153
Suppose 0 = -5*j + 9*j - 48. Suppose 12 = w + 2*x - j, x + 153 = 5*w. Let g(y) = -13*y - 18. Let o be g(-6). Calculate the highest common divisor of w and o.
30
Let n = 4563 - 3867. What is the highest common divisor of n and 60?
12
Let m = -292 + 296. Let p(h) = h + 20. Let z be p(m). Calculate the greatest common factor of z and 27.
3
Let v be -2 - 3 - 150/12*-2. Let o(y) = y**2 + 13*y + 21. Let g be o(-6). Let d = -17 - g. Calculate the highest common factor of d and v.
4
Let v = 313 - 99. Suppose v = 5*w - 66. What is the highest common divisor of 14 and w?
14
Let k be (-6)/10 + (-10)/25 - 36. Let c = -33 - k. Suppose 9*d - 360 = c*d. What is the greatest common divisor of d and 9?
9
Suppose -4*l - 681 = -5*l - 3*v, -2*v + 684 = l. Let t be l/25 - (-2)/5. Calculate the greatest common divisor of 364 and t.
28
Let j = 1197 - 1714. Let y = 529 + j. What is the greatest common divisor of y and 15?
3
Let v be (-72)/54*(-510)/20. Let w(a) = 7*a**2 + a + 3. Let q be w(8). Calculate the greatest common factor of v and q.
17
Let r be (-9)/(-6)*32/24. Suppose 0 = -4*s + r*s + 2*x - 148, 3*x = 5*s + 374. Let a = s + 83. What is the greatest common factor of a and 7?
7
Suppose -2*d - 2*d + 752 = 0. Suppose 7*o - 9*o + 88 = 3*z, 2*z - 3*o - 50 = 0. Suppose 4*m = -z + d. What is the highest common divisor of m and 5?
5
Suppose 46*c - r = 42*c + 364, 2*r = 0. Calculate the greatest common divisor of 78 and c.
13
Suppose 2*c - 1042 = -4*a + 190, -a = c - 310. Let h(o) = -o**2 + 3*o + 34. Let d be h(0). Calculate the highest common divisor of d and a.
34
Let c = 15137 + -14963. Calculate the highest common divisor of c and 3741.
87
Let t = 1311 - 800. What is the greatest common factor of t and 7?
7
Suppose 5*g = -4*y + 44, -5*g + 12 + 24 = -4*y. Let x be 4/32*104 + 219. Calculate the highest common divisor of x and g.
8
Suppose -8*q + 4*q = -16. Suppose -4*l - q*t = -t - 96, -5*l - t = -109. What is the highest common divisor of 9 and l?
3
Suppose -2*q = -2*g + 240, -18*g + 22*g + q - 500 = 0. Calculate the greatest common factor of g and 1271.
31
Let f(w) = w**3 + 25*w**2 + 63*w - 42. Let d be f(-22). What is the highest common divisor of 1072 and d?
8
Let z = 87 - 91. Let n be (2/z)/((-3464)/384 + 9). Calculate the highest common factor of n and 18.
6
Let q = 1742 - 1588. Let j be (-1)/((-3)/15) - 2. Suppose j*c + 3*d - 66 = 0, c + 5*d - 4 = 18. What is the greatest common factor of q and c?
22
Let d be ((-3844)/(-186))/(1/(-6)). Let q be 199/7 + d/28 + 4. What is the highest common factor of q and 16?
4
Let b be (-1)/(-3 + 2) + -1 + 1012/11. Calculate the highest common divisor of 2 and b.
2
Let h = 15177 - -10953. What is the greatest common factor of 134 and h?
134
Let k(d) = 3*d + 12. Let b(w) = 1. Let o(l) = -b(l) - k(l). Let n be o(13). Let t be (-2)/((-32)/n)*-20. Calculate the greatest common factor of t and 13.
13
Suppose 4*k - 66 = 5*b + 12, 0 = 2*b - 5*k + 38. Let n(j) = 4*j**2 - 19*j + 25. Let u be n(b). Calculate the highest common factor of 43 and u.
43
Let h be (1917/(-810) - (-10)/(-12))*-5*14. What is the greatest common factor of 7 and h?
7
Suppose 307*l - 37 = -2*b + 310*l, -4*b + 2*l = -70. What is the greatest common factor of 2261 and b?
17
Let t(r) = 399*r + 129. Let p be t(0). Calculate the greatest common divisor of p and 2924.
43
Let z be -2*((-2)/(-2) - 12). Let u = 156985 + -156864. What is the greatest common divisor of z and u?
11
Let a(f) = 2423*f + 338. Let u be a(4). What is the highest common factor of u and 170?
170
Suppose 0 = -4*g + 19 + 21. Suppose -4*j = 3*h - g, 2*j + h = -2*h + 2. Let y be 2/((-830)/(-205) - j). What is the highest common divisor of 41 and y?
41
Let c = -461 + 329. Let h = 136 + c. What is the highest common divisor of 4 and h?
4
Suppose -69 - 1 = -14*m. Suppose -o + 2*n = -72, m*n - 4*n = 3. What is the greatest common factor of o and 60?
6
Let i be (6 - 18)/(-2) - 10/5*-2517. What is the highest common factor of 8 and i?
8
Let o be ((-44)/(-3) + 123/(-738))/(1/2). What is the highest common divisor of o and 5017?
29
Let d(x) = 128*x**3 + 20*x - 127*x**3 + 9*x**2 - 24*x**2 + 2. Let f be d(14). Suppose f = 6*j - 10. Calculate the greatest common divisor of 8 and j.
8
Suppose -5*l - 8 = -3*l. Let o be (-10)/(-4)*(-204)/51. Let j be ((-14)/l - 1)*(-52)/o. What is the greatest common divisor of j and 39?
13
Let k be (-5 - -9 - 3)*2. Suppose 4*h - 2 = -k. Suppose h*t - 2*y - 13 = -3*t, 3*t - 18 = -3*y. What is the greatest common divisor of 10 and t?
5
Let v = -85 - -47. Let s = v - -40. Suppose 5*f - 3 = -4*c, -4*c - 2 = 2*f - 8. Calculate the greatest common divisor of c and s.
2
Let w = -17 + 31. Suppose -13*h - 148 = -14*h - 3*q, -2*h + 5*q = -318. Calculate the greatest common factor of w and h.
14
Suppose 5*x - 9360 = -40*x. What is the greatest common factor of x and 1404?
52
Let n(z) = -234*z - 132. Let j be n(-14). Calculate the highest common divisor of 192 and j.
24
Let i(n) be the first derivative of n**4/4 + 2*n**3 - 5*n**2 - n - 9. Let g be i(-7). Calculate the greatest common factor of g and 130.
10
Let w be 4/3*3/2. Let f(h) = h**3 - 22*h**2 - 338*h + 30. Let l be f(-10). Suppose -l = -3*y - w*y. What is the highest common divisor of y and 126?
42
Let j(f) = 12*f**2 - 356*f - 92. Let t be j(30). Calculate the highest common factor of t and 28.
28
Let n(p) = -6*p**3 + 16*p**2 + 39*p + 10. Let f be n(-11). What is the highest common divisor of 172 and f?
43
Let o be 57/19 + (-112)/(-1) + -4 + 3. What is the highest common factor of 42 and o?
6
Suppose -146944 = -54*d + 54908. Calculate the greatest common divisor of 890 and d.
178
Let u be 2/7 - (-10 - (-6488)/(-28)). Suppose 0 + 2 = -2*f, 0 = 2*r + 4*f - 40. Calculate the greatest common divisor of u and r.
22
Let y be (-3 - -4) + (4 - 2808)/(-4). Suppose 0 = 10*h + 16*h - y. Let q be (-3)/((-2)/(-72)*-2). What is the highest common factor of h and q?
27
Let o(g) = -4279*g - 9820. Let t be o(-4). What is the highest common factor of t and 133?
19
Let d(u) = -u**3 - 7*u**2 + 4*u - 2. Let y be ((-25)/50)/(1/(16*1)). Let t be d(y). Calculate the highest common factor of 12 and t.
6
Let l(f) = -361*f - 9894. Let j be l(-36). Calculate the greatest common divisor of j and 564.
282
Let v be 22/121 + (-3010)/(-22). Suppose 15*s + v = 632. Calculate the highest common divisor of 143 and s.
11
Let s(p) = -108*p**3 - 4*p**2 - 4. Let z be s(-2). Suppose z = -4*g + 884. What is the highest common divisor of 25 and g?
5
Suppose -5*p - 33 = -2*p. Let r(f) be the first derivative of f**3 + 27*f**2/2 + 24*f - 30. Let u be r(p). What is the greatest common divisor of u and 36?
18
Suppose -4*g - 5*w + 144 = 46, -4*w = 3*g - 73. What is the greatest common factor of g and 207?
9
Let g be (16/(-88) - (-8)/44)/(-2). Suppose g = d + 3*b - 141, -5*d - 4*b + 521 = -151. Calculate the highest common factor of 462 and d.
66
Let r = 132862 - 132602. Suppose -4*b - 4*i + 262 = -2*i, -4 = -4*i. Calculate the greatest common divisor of b and r.
65
Let h(q) = 6*q - 43. Let g be h(8). Let p be g - (-7 + 3 + -2). Calculate the greatest common factor of 209 and p.
11
Suppose 19*d - 18*d - 993 = -2*q, 501 = q - 4*d. Calculate the greatest common divisor of q and 1278.
71
Suppose 87 - 2607 = 3*k - 18*k. Calculate the highest common factor of 406 and k.
14
Let n(h) = -38*h**3 - 6*h**2 - 8*h - 4. Let t be n(-1). What is th